{"id":73,"date":"2026-02-18T17:36:09","date_gmt":"2026-02-18T17:36:09","guid":{"rendered":"https:\/\/xn--zeichenbrobasic-6vb.at\/index.php\/datenschutz\/"},"modified":"2026-02-18T17:36:42","modified_gmt":"2026-02-18T17:36:42","slug":"datenschutz","status":"publish","type":"page","link":"https:\/\/xn--zeichenbrobasic-6vb.at\/index.php\/datenschutz\/","title":{"rendered":"DATENSCHUTZ"},"content":{"rendered":"\n<p class=\"has-small-font-size\"><strong>Datenschutzerkl\u00e4rung<\/strong><br>Der Schutz Ihrer pers\u00f6nlichen Daten ist mir wichtig. Ich verarbeiten Ihre Daten ausschlie\u00dflich im Rahmen der gesetzlichen Bestimmungen (DSGVO, DSG 2000, TKG 2003). Nachfolgend informiere ich Sie \u00fcber die wichtigsten Aspekte der Datenverarbeitung im Rahmen dieser Website.<br><br><strong>Kontakt<\/strong><br>Wenn Sie per Formular auf der Website oder per E-Mail Kontakt mit mir aufnehmen, werden Ihre angegebenen Daten zwecks Bearbeitung der Anfrage und f\u00fcr den Fall von weiteren Fragen bei mir gespeichert. Diese Daten gebe ich nicht ohne Ihre vorherige Einwilligung weiter.<br><br><strong>Cookies<\/strong><br>F\u00fcr Verbesserung der Funktionalit\u00e4t der Website usw. verwendet die Website Cookies. Dabei handelt es sich um kleine Textdateien, die mit Hilfe des Browsers auf Ihrem Endger\u00e4t abgelegt werden. Sie richten keinen Schaden an Ihrem Endger\u00e4t an.<br><br>Einige Cookies bleiben auf Ihrem Endger\u00e4t gespeichert, bis Sie diese l\u00f6schen. Dies erm\u00f6glicht der Website, Ihren Browser beim n\u00e4chsten Besuch wiederzuerkennen. Die Verwendung der auf der Website eingesetzten Cookies dient ausschlie\u00dflich der Aufrechterhaltung der Funktionalit\u00e4t der Website.<br><br><strong>Ihre Rechte<\/strong><br>Bez\u00fcglich Ihrer personenbezogenen Daten haben Sie grunds\u00e4tzlich die Rechte auf Auskunft, Berichtigung, L\u00f6schung, Einschr\u00e4nkung der Verarbeitung, Daten\u00fcbertragbarkeit sowie Widerspruch (Art. 15 bis 21 DSGVO).<br>Beruht die Rechtm\u00e4\u00dfigkeit einer Datenverarbeitung auf Ihrer Einwilligung, so haben Sie das Recht, die Einwilligung jederzeit zu widerrufen. Durch den Widerruf wird die Rechtm\u00e4\u00dfigkeit der Verarbeitung, die auf Basis der Einwilligung bis zum Zeitpunkt des Widerrufs erfolgt ist, nicht ber\u00fchrt (Art. 7 Abs. 3 DSGVO).<br>Wenn Sie glauben, dass die Verarbeitung Ihrer Daten gegen das Datenschutzrecht verst\u00f6\u00dft oder Ihre datenschutzrechtlichen Anspr\u00fcche in einer anderen Weise verletzt worden sind, k\u00f6nnen Sie sich bei der Aufsichtsbeh\u00f6rde beschweren. In \u00d6sterreich ist dies die Datenschutzbeh\u00f6rde.<br><br><strong>Kontaktdaten<\/strong>:<br>DI Petra Basic, BSc<br>Kleiststra\u00dfe 11, 3100 St. P\u00f6lten<br>0699 10682627<br>office@zeichenb\u00fcrobasic.at<\/p>\n","protected":false},"excerpt":{"rendered":"<p>Datenschutzerkl\u00e4rungDer Schutz Ihrer pers\u00f6nlichen Daten ist mir wichtig. Ich verarbeiten Ihre Daten ausschlie\u00dflich im Rahmen der gesetzlichen Bestimmungen (DSGVO, DSG 2000, TKG 2003). Nachfolgend informiere ich Sie \u00fcber die wichtigsten Aspekte der Datenverarbeitung im Rahmen dieser Website. KontaktWenn Sie per Formular auf der Website oder per E-Mail Kontakt mit mir aufnehmen, werden Ihre angegebenen Daten [&hellip;]<\/p>\n","protected":false},"author":1,"featured_media":0,"parent":0,"menu_order":0,"comment_status":"closed","ping_status":"closed","template":"","meta":{"footnotes":""},"class_list":["post-73","page","type-page","status-publish","hentry"],"_links":{"self":[{"href":"https:\/\/xn--zeichenbrobasic-6vb.at\/index.php\/wp-json\/wp\/v2\/pages\/73","targetHints":{"allow":["GET"]}}],"collection":[{"href":"https:\/\/xn--zeichenbrobasic-6vb.at\/index.php\/wp-json\/wp\/v2\/pages"}],"about":[{"href":"https:\/\/xn--zeichenbrobasic-6vb.at\/index.php\/wp-json\/wp\/v2\/types\/page"}],"author":[{"embeddable":true,"href":"https:\/\/xn--zeichenbrobasic-6vb.at\/index.php\/wp-json\/wp\/v2\/users\/1"}],"replies":[{"embeddable":true,"href":"https:\/\/xn--zeichenbrobasic-6vb.at\/index.php\/wp-json\/wp\/v2\/comments?post=73"}],"version-history":[{"count":1,"href":"https:\/\/xn--zeichenbrobasic-6vb.at\/index.php\/wp-json\/wp\/v2\/pages\/73\/revisions"}],"predecessor-version":[{"id":74,"href":"https:\/\/xn--zeichenbrobasic-6vb.at\/index.php\/wp-json\/wp\/v2\/pages\/73\/revisions\/74"}],"wp:attachment":[{"href":"https:\/\/xn--zeichenbrobasic-6vb.at\/index.php\/wp-json\/wp\/v2\/media?parent=73"}],"curies":[{"name":"wp","href":"https:\/\/api.w.org\/{rel}","templated":true}]}}